{"id":719,"date":"2024-12-09T13:25:23","date_gmt":"2024-12-09T12:25:23","guid":{"rendered":"https:\/\/szekelyfalat.ro\/magazine\/"},"modified":"2026-04-30T12:04:00","modified_gmt":"2026-04-30T10:04:00","slug":"boltjaink","status":"publish","type":"page","link":"https:\/\/szekelyfalat.ro\/hu\/boltjaink\/","title":{"rendered":"Boltjaink"},"content":{"rendered":"<div class=\"wpb-content-wrapper\"><p>[vc_section full_width=&#8221;stretch_row&#8221; el_class=&#8221;block-inner-about inner-top-hero big dark&#8221;][vc_row el_class=&#8221;row-bg row-bg-left&#8221;][vc_column][vc_single_image image=&#8221;113&#8243; img_size=&#8221;full&#8221; css=&#8221;&#8221; image_hovers=&#8221;false&#8221;][\/vc_column][\/vc_row][vc_row gap=&#8221;35&#8243; equal_height=&#8221;yes&#8221; content_placement=&#8221;middle&#8221; el_class=&#8221;row-home-about&#8221;][vc_column offset=&#8221;vc_col-md-6&#8243;][vc_column_text css_animation=&#8221;fadeInDown&#8221; css=&#8221;&#8221; el_class=&#8221;txt-subtitle mb-0&#8243;]BOLTJAINK[\/vc_column_text][vc_custom_heading text=&#8221;Fedezd fel a k\u00f6zeledben l\u00e9v\u0151 Sz\u00e9kely Falat term\u00e9keket&#8221; font_container=&#8221;tag:h2|text_align:left|color:%23FFFFFF&#8221; use_theme_fonts=&#8221;yes&#8221; css_animation=&#8221;fadeInDown&#8221; css=&#8221;&#8221; el_class=&#8221;mb-sm&#8221;][vc_column_text css_animation=&#8221;fadeIn&#8221; css=&#8221;&#8221;]Hogy az autentikus, term\u00e9szetes \u00edzek k\u00f6zel ker\u00fcljenek hozz\u00e1d, a Sz\u00e9kely Falat term\u00e9kei orsz\u00e1gszerte kiterjesztettt bolth\u00e1l\u00f3zatban kaphat\u00f3ak.[\/vc_column_text][\/vc_column][vc_column offset=&#8221;vc_col-md-6&#8243;][vc_single_image image=&#8221;95&#8243; img_size=&#8221;full&#8221; alignment=&#8221;center&#8221; css_animation=&#8221;fadeIn&#8221; css=&#8221;&#8221; image_hovers=&#8221;false&#8221; el_class=&#8221;mb-0&#8243;][\/vc_column][\/vc_row][\/vc_section][vc_row full_width=&#8221;stretch_row&#8221; equal_height=&#8221;yes&#8221; content_placement=&#8221;middle&#8221; el_class=&#8221;home-subhero stamped red&#8221;][vc_column][vc_column_text css=&#8221;&#8221;]<\/p>\n<p style=\"text-align: center;\">Term\u00e9keinket megtal\u00e1lod saj\u00e1t boltjainkban, hipermarketekben \u00e9s hagyom\u00e1nyos term\u00e9kekre szakosodott partnereinkn\u00e9l.<\/p>\n<p>[\/vc_column_text][\/vc_column][\/vc_row][vc_section full_width=&#8221;stretch_row&#8221; el_class=&#8221;block-inner-map big bg-cream&#8221;][vc_row gap=&#8221;35&#8243; equal_height=&#8221;yes&#8221; el_class=&#8221;row-home-about row-inverted&#8221;][vc_column width=&#8221;1\/2&#8243;][vc_column_text css=&#8221;&#8221; el_class=&#8221;block-legend&#8221;]<img loading=\"lazy\" decoding=\"async\" class=\"size-full wp-image-200 alignnone\" src=\"http:\/\/szekelyfalat.ro\/wp-content\/uploads\/2024\/12\/marker-red.png\" alt=\"\" width=\"22\" height=\"39\" \/><\/p>\n<p><strong>Saj\u00e1t boltjaink<\/strong><br \/>\nahol sz\u00e9les \u00e9s v\u00e1ltozatos k\u00edn\u00e1lattal, valamint szem\u00e9lyre szabott \u00e9lm\u00e9nnyel v\u00e1runk.[\/vc_column_text][vc_column_text css=&#8221;&#8221; el_class=&#8221;block-legend&#8221;]<img loading=\"lazy\" decoding=\"async\" class=\"alignnone wp-image-199 size-full\" src=\"http:\/\/szekelyfalat.ro\/wp-content\/uploads\/2024\/12\/marker-dark.png\" alt=\"\" width=\"22\" height=\"39\" \/><\/p>\n<p><b>Partner-boltjaink<\/b><br \/>\namelyek hagyom\u00e1nyos term\u00e9kekre szakosodottak \u00e9s gondosan v\u00e1logatottak annak \u00e9rdek\u00e9ben, hogy mindig a legjobb min\u0151s\u00e9get ny\u00fajts\u00e1k sz\u00e1modra.[\/vc_column_text][\/vc_column][vc_column width=&#8221;1\/2&#8243;][vc_column_text css=&#8221;&#8221; el_class=&#8221;block-legend mb-0&#8243;]<img loading=\"lazy\" decoding=\"async\" class=\"alignnone size-full wp-image-209\" src=\"http:\/\/szekelyfalat.ro\/wp-content\/uploads\/2024\/12\/marker-topshops.png\" alt=\"\" width=\"22\" height=\"21\" \/><\/p>\n<p><b>Top hipermarketek<\/b><br \/>\na mindennapi k\u00e9nyelem \u00e9rdek\u00e9ben.[\/vc_column_text][vc_single_image image=&#8221;2146&#8243; img_size=&#8221;full&#8221; alignment=&#8221;center&#8221; css=&#8221;&#8221; image_hovers=&#8221;false&#8221; lazy_loading=&#8221;true&#8221;][vc_column_text css=&#8221;&#8221; el_class=&#8221;block-legend mb-0&#8243;]<strong>*Online<\/strong> rendel\u00e9sek a Freshful (Bukarestbe, Ploie\u0219tire \u00e9s Ilfovba sz\u00e1ll\u00edt) \u00e9s Sezamo (Bukarestbe \u00e9s Ilfovba sz\u00e1ll\u00edt) fel\u00fclet\u00e9n.[\/vc_column_text][\/vc_column][\/vc_row][vc_row gap=&#8221;35&#8243; equal_height=&#8221;yes&#8221; content_placement=&#8221;middle&#8221; el_class=&#8221;row-home-about row-inverted&#8221;][vc_column][vc_column_text css_animation=&#8221;fadeIn&#8221; css=&#8221;&#8221;]<style type=\"text\/css\" id=\"umsMapStyles_1_55661\">\n    #ultimate_maps_1_55661 {\n        width: 100%;\n        height: 550px;\n                border: 0px solid ;\n        margin: 0px;\n    }\n    #mapsControlsNum_1_55661 {\n        width:100%    }\n    .umsMapDetailsContainer#umsMapDetailsContainer_1_55661 {\n        height:550px;\n    }\n    .ums_MapPreview#ultimate_maps_1_55661 {\n        \/*position:absolute;*\/\n        width:100%;\n    }\n    #mapConElem_1_55661{\n        width:100%    }\n    <\/style><div class=\"ums_map_opts\" id=\"mapConElem_1_55661\" data-id=\"1\" data-view-id=\"1_55661\" > <div class=\"umsMapDetailsContainer\" id=\"umsMapDetailsContainer_1_55661\"> <i class=\"umsKMLLayersPreloader fa fa-spinner fa-spin\" aria-hidden=\"true\" style=\"display: none;\"><\/i> <div class=\"ums_MapPreview \" id=\"ultimate_maps_1_55661\"><\/div> <\/div> <div class=\"umsMapMarkerFilters\" id=\"umsMapMarkerFilters_1_55661\"> <\/div> <div class=\"umsMapProControlsCon\" id=\"umsMapProControlsCon_1_55661\"> <a title=\"WordPress Map Plugin\" style=\"display:none;\" href=\"https:\/\/supsystic.com\/plugins\/google-maps-plugin\/?utm_medium=love_link_hide\" target=\"_blank\">WordPress Map Plugin<\/a><div style=\"clear: both;\"><\/div> <\/div> <div class=\"umsMapProDirectionsCon\" id=\"umsMapProDirectionsCon_1_55661\" > <\/div> <div class=\"umsMapProKmlFilterCon\" id=\"umsMapProKmlFilterCon_1_55661\" > <\/div> <div class=\"umsSocialSharingShell umsSocialSharingShell_1_55661\"> <\/div> <div style=\"clear: both;\"><\/div> <\/div>[\/vc_column_text][\/vc_column][\/vc_row][vc_row el_class=&#8221;mt-sm&#8221;][vc_column][vc_custom_heading text=&#8221;Sz\u00e9kelyfalat Mozg\u00f3 Aut\u00f3 program&#8221; font_container=&#8221;tag:h4|text_align:center&#8221; use_theme_fonts=&#8221;yes&#8221; css=&#8221;&#8221;][vc_column_text css_animation=&#8221;fadeIn&#8221; css=&#8221;&#8221;]<\/p>\n<p style=\"text-align: center;\">A Sz\u00e9kely Falat mobilaut\u00f3 p\u00e9nteken \u00e9s vas\u00e1rnap pihen, de a h\u00e9t t\u00f6bbi napj\u00e1n \u00fatra kel, \u00e9s minden alkalommal m\u00e1s helysz\u00ednre gurul. Az al\u00e1bb jel\u00f6lt napokon szeretettel v\u00e1runk a kijel\u00f6lt helysz\u00edneken!<\/p>\n<p>[\/vc_column_text][vc_column_text css=&#8221;&#8221; el_class=&#8221;mt-md&#8221;]<\/p>\n<ul class=\"mobile-vehicle\">\n<li class=\"monday\"><span class=\"day\">H\u00e9tf\u0151<\/span><br \/>\n<strong>Szov\u00e1ta<\/strong><\/li>\n<li class=\"tuesday\"><span class=\"day\">Kedd<\/span><br \/>\n<strong>Sz\u00e9kelyudvarhely<\/strong><\/li>\n<li class=\"wednesday\"><span class=\"day\">Szerda<\/span><br \/>\n<strong>Bar\u00f3t<\/strong><\/li>\n<li class=\"thursday\"><span class=\"day\">Cs\u00fct\u00f6rt\u00f6k<\/span><br \/>\n<strong>Parajd<\/strong><\/li>\n<li class=\"friday inactive\"><span class=\"day\">P\u00e9ntek<\/span><br \/>\nszabadnap<\/li>\n<li class=\"saturday\"><span class=\"day\">Szombat<\/span><br \/>\n<strong>Szov\u00e1ta<\/strong><\/li>\n<li class=\"sunday inactive\"><span class=\"day\">Vas\u00e1rnap<\/span><br \/>\nszabadnap<\/li>\n<\/ul>\n<p>[\/vc_column_text][\/vc_column][\/vc_row][\/vc_section]<\/p>\n<\/div>","protected":false},"excerpt":{"rendered":"<p>[vc_section full_width=&#8221;stretch_row&#8221; el_class=&#8221;block-inner-about inner-top-hero big dark&#8221;][vc_row el_class=&#8221;row-bg row-bg-left&#8221;][vc_column][vc_single_image image=&#8221;113&#8243; img_size=&#8221;full&#8221; css=&#8221;&#8221; image_hovers=&#8221;false&#8221;][\/vc_column][\/vc_row][vc_row gap=&#8221;35&#8243; equal_height=&#8221;yes&#8221; content_placement=&#8221;middle&#8221; el_class=&#8221;row-home-about&#8221;][vc_column offset=&#8221;vc_col-md-6&#8243;][vc_column_text css_animation=&#8221;fadeInDown&#8221; css=&#8221;&#8221; el_class=&#8221;txt-subtitle mb-0&#8243;]BOLTJAINK[\/vc_column_text][vc_custom_heading text=&#8221;Fedezd fel a k\u00f6zeledben l\u00e9v\u0151 Sz\u00e9kely Falat term\u00e9keket&#8221; font_container=&#8221;tag:h2|text_align:left|color:%23FFFFFF&#8221; use_theme_fonts=&#8221;yes&#8221; css_animation=&#8221;fadeInDown&#8221; css=&#8221;&#8221; el_class=&#8221;mb-sm&#8221;][vc_column_text css_animation=&#8221;fadeIn&#8221; css=&#8221;&#8221;]Hogy az autentikus, term\u00e9szetes \u00edzek k\u00f6zel ker\u00fcljenek hozz\u00e1d, a Sz\u00e9kely Falat term\u00e9kei orsz\u00e1gszerte kiterjesztettt bolth\u00e1l\u00f3zatban kaphat\u00f3ak.[\/vc_column_text][\/vc_column][vc_column offset=&#8221;vc_col-md-6&#8243;][vc_single_image image=&#8221;95&#8243; img_size=&#8221;full&#8221; alignment=&#8221;center&#8221;&hellip;<\/p>\n","protected":false},"author":1,"featured_media":0,"parent":0,"menu_order":0,"comment_status":"closed","ping_status":"closed","template":"","meta":{"footnotes":""},"class_list":["post-719","page","type-page","status-publish","hentry","description-off"],"_links":{"self":[{"href":"https:\/\/szekelyfalat.ro\/hu\/wp-json\/wp\/v2\/pages\/719","targetHints":{"allow":["GET"]}}],"collection":[{"href":"https:\/\/szekelyfalat.ro\/hu\/wp-json\/wp\/v2\/pages"}],"about":[{"href":"https:\/\/szekelyfalat.ro\/hu\/wp-json\/wp\/v2\/types\/page"}],"author":[{"embeddable":true,"href":"https:\/\/szekelyfalat.ro\/hu\/wp-json\/wp\/v2\/users\/1"}],"replies":[{"embeddable":true,"href":"https:\/\/szekelyfalat.ro\/hu\/wp-json\/wp\/v2\/comments?post=719"}],"version-history":[{"count":14,"href":"https:\/\/szekelyfalat.ro\/hu\/wp-json\/wp\/v2\/pages\/719\/revisions"}],"predecessor-version":[{"id":2205,"href":"https:\/\/szekelyfalat.ro\/hu\/wp-json\/wp\/v2\/pages\/719\/revisions\/2205"}],"wp:attachment":[{"href":"https:\/\/szekelyfalat.ro\/hu\/wp-json\/wp\/v2\/media?parent=719"}],"curies":[{"name":"wp","href":"https:\/\/api.w.org\/{rel}","templated":true}]}}

<div class="wpb-content-wrapper"><p>[vc_section full_width=&#8221;stretch_row&#8221; el_class=&#8221;block-inner-about inner-top-hero big dark&#8221;][vc_row el_class=&#8221;row-bg row-bg-left&#8221;][vc_column][vc_single_image image=&#8221;113&#8243; img_size=&#8221;full&#8221; css=&#8221;&#8221; image_hovers=&#8221;false&#8221;][/vc_column][/vc_row][vc_row gap=&#8221;35&#8243; equal_height=&#8221;yes&#8221; content_placement=&#8221;middle&#8221; el_class=&#8221;row-home-about&#8221;][vc_column offset=&#8221;vc_col-md-6&#8243;][vc_column_text css_animation=&#8221;fadeInDown&#8221; css=&#8221;&#8221; el_class=&#8221;txt-subtitle mb-0&#8243;]BOLTJAINK[/vc_column_text][vc_custom_heading text=&#8221;Fedezd fel a közeledben lévő Székely Falat termékeket&#8221; font_container=&#8221;tag:h2|text_align:left|color:%23FFFFFF&#8221; use_theme_fonts=&#8221;yes&#8221; css_animation=&#8221;fadeInDown&#8221; css=&#8221;&#8221; el_class=&#8221;mb-sm&#8221;][vc_column_text css_animation=&#8221;fadeIn&#8221; css=&#8221;&#8221;]Hogy az autentikus, természetes ízek közel kerüljenek hozzád, a Székely Falat termékei országszerte kiterjesztettt bolthálózatban kaphatóak.[/vc_column_text][/vc_column][vc_column offset=&#8221;vc_col-md-6&#8243;][vc_single_image image=&#8221;95&#8243; img_size=&#8221;full&#8221; alignment=&#8221;center&#8221; css_animation=&#8221;fadeIn&#8221; css=&#8221;&#8221; image_hovers=&#8221;false&#8221; el_class=&#8221;mb-0&#8243;][/vc_column][/vc_row][/vc_section][vc_row full_width=&#8221;stretch_row&#8221; equal_height=&#8221;yes&#8221; content_placement=&#8221;middle&#8221; el_class=&#8221;home-subhero stamped red&#8221;][vc_column][vc_column_text css=&#8221;&#8221;]</p>
<p style="text-align: center;">Termékeinket megtalálod saját boltjainkban, hipermarketekben és hagyományos termékekre szakosodott partnereinknél.</p>
<p>[/vc_column_text][/vc_column][/vc_row][vc_section full_width=&#8221;stretch_row&#8221; el_class=&#8221;block-inner-map big bg-cream&#8221;][vc_row gap=&#8221;35&#8243; equal_height=&#8221;yes&#8221; el_class=&#8221;row-home-about row-inverted&#8221;][vc_column width=&#8221;1/2&#8243;][vc_column_text css=&#8221;&#8221; el_class=&#8221;block-legend&#8221;]<img loading="lazy" decoding="async" class="size-full wp-image-200 alignnone" src="http://szekelyfalat.ro/wp-content/uploads/2024/12/marker-red.png" alt="" width="22" height="39" /></p>
<p><strong>Saját boltjaink</strong><br />
ahol széles és változatos kínálattal, valamint személyre szabott élménnyel várunk.[/vc_column_text][vc_column_text css=&#8221;&#8221; el_class=&#8221;block-legend&#8221;]<img loading="lazy" decoding="async" class="alignnone wp-image-199 size-full" src="http://szekelyfalat.ro/wp-content/uploads/2024/12/marker-dark.png" alt="" width="22" height="39" /></p>
<p><b>Partner-boltjaink</b><br />
amelyek hagyományos termékekre szakosodottak és gondosan válogatottak annak érdekében, hogy mindig a legjobb minőséget nyújtsák számodra.[/vc_column_text][/vc_column][vc_column width=&#8221;1/2&#8243;][vc_column_text css=&#8221;&#8221; el_class=&#8221;block-legend mb-0&#8243;]<img loading="lazy" decoding="async" class="alignnone size-full wp-image-209" src="http://szekelyfalat.ro/wp-content/uploads/2024/12/marker-topshops.png" alt="" width="22" height="21" /></p>
<p><b>Top hipermarketek</b><br />
a mindennapi kényelem érdekében.[/vc_column_text][vc_single_image image=&#8221;2146&#8243; img_size=&#8221;full&#8221; alignment=&#8221;center&#8221; css=&#8221;&#8221; image_hovers=&#8221;false&#8221; lazy_loading=&#8221;true&#8221;][vc_column_text css=&#8221;&#8221; el_class=&#8221;block-legend mb-0&#8243;]<strong>*Online</strong> rendelések a Freshful (Bukarestbe, Ploieștire és Ilfovba szállít) és Sezamo (Bukarestbe és Ilfovba szállít) felületén.[/vc_column_text][/vc_column][/vc_row][vc_row gap=&#8221;35&#8243; equal_height=&#8221;yes&#8221; content_placement=&#8221;middle&#8221; el_class=&#8221;row-home-about row-inverted&#8221;][vc_column][vc_column_text css_animation=&#8221;fadeIn&#8221; css=&#8221;&#8221;]<style type="text/css" id="umsMapStyles_1_55661">
    #ultimate_maps_1_55661 {
        width: 100%;
        height: 550px;
                border: 0px solid ;
        margin: 0px;
    }
    #mapsControlsNum_1_55661 {
        width:100%    }
    .umsMapDetailsContainer#umsMapDetailsContainer_1_55661 {
        height:550px;
    }
    .ums_MapPreview#ultimate_maps_1_55661 {
        /*position:absolute;*/
        width:100%;
    }
    #mapConElem_1_55661{
        width:100%    }
    </style><div class="ums_map_opts" id="mapConElem_1_55661" data-id="1" data-view-id="1_55661" > <div class="umsMapDetailsContainer" id="umsMapDetailsContainer_1_55661"> <i class="umsKMLLayersPreloader fa fa-spinner fa-spin" aria-hidden="true" style="display: none;"></i> <div class="ums_MapPreview " id="ultimate_maps_1_55661"></div> </div> <div class="umsMapMarkerFilters" id="umsMapMarkerFilters_1_55661"> </div> <div class="umsMapProControlsCon" id="umsMapProControlsCon_1_55661"> <a title="WordPress Map Plugin" style="display:none;" href="https://supsystic.com/plugins/google-maps-plugin/?utm_medium=love_link_hide" target="_blank">WordPress Map Plugin</a><div style="clear: both;"></div> </div> <div class="umsMapProDirectionsCon" id="umsMapProDirectionsCon_1_55661" > </div> <div class="umsMapProKmlFilterCon" id="umsMapProKmlFilterCon_1_55661" > </div> <div class="umsSocialSharingShell umsSocialSharingShell_1_55661"> </div> <div style="clear: both;"></div> </div>[/vc_column_text][/vc_column][/vc_row][vc_row el_class=&#8221;mt-sm&#8221;][vc_column][vc_custom_heading text=&#8221;Székelyfalat Mozgó Autó program&#8221; font_container=&#8221;tag:h4|text_align:center&#8221; use_theme_fonts=&#8221;yes&#8221; css=&#8221;&#8221;][vc_column_text css_animation=&#8221;fadeIn&#8221; css=&#8221;&#8221;]</p>
<p style="text-align: center;">A Székely Falat mobilautó pénteken és vasárnap pihen, de a hét többi napján útra kel, és minden alkalommal más helyszínre gurul. Az alább jelölt napokon szeretettel várunk a kijelölt helyszíneken!</p>
<p>[/vc_column_text][vc_column_text css=&#8221;&#8221; el_class=&#8221;mt-md&#8221;]</p>
<ul class="mobile-vehicle">
<li class="monday"><span class="day">Hétfő</span><br />
<strong>Szováta</strong></li>
<li class="tuesday"><span class="day">Kedd</span><br />
<strong>Székelyudvarhely</strong></li>
<li class="wednesday"><span class="day">Szerda</span><br />
<strong>Barót</strong></li>
<li class="thursday"><span class="day">Csütörtök</span><br />
<strong>Parajd</strong></li>
<li class="friday inactive"><span class="day">Péntek</span><br />
szabadnap</li>
<li class="saturday"><span class="day">Szombat</span><br />
<strong>Szováta</strong></li>
<li class="sunday inactive"><span class="day">Vasárnap</span><br />
szabadnap</li>
</ul>
<p>[/vc_column_text][/vc_column][/vc_row][/vc_section]</p>
</div>

<p>[vc_section full_width=&#8221;stretch_row&#8221; el_class=&#8221;block-inner-about inner-top-hero big dark&#8221;][vc_row el_class=&#8221;row-bg row-bg-left&#8221;][vc_column][vc_single_image image=&#8221;113&#8243; img_size=&#8221;full&#8221; css=&#8221;&#8221; image_hovers=&#8221;false&#8221;][/vc_column][/vc_row][vc_row gap=&#8221;35&#8243; equal_height=&#8221;yes&#8221; content_placement=&#8221;middle&#8221; el_class=&#8221;row-home-about&#8221;][vc_column offset=&#8221;vc_col-md-6&#8243;][vc_column_text css_animation=&#8221;fadeInDown&#8221; css=&#8221;&#8221; el_class=&#8221;txt-subtitle mb-0&#8243;]BOLTJAINK[/vc_column_text][vc_custom_heading text=&#8221;Fedezd fel a közeledben lévő Székely Falat termékeket&#8221; font_container=&#8221;tag:h2|text_align:left|color:%23FFFFFF&#8221; use_theme_fonts=&#8221;yes&#8221; css_animation=&#8221;fadeInDown&#8221; css=&#8221;&#8221; el_class=&#8221;mb-sm&#8221;][vc_column_text css_animation=&#8221;fadeIn&#8221; css=&#8221;&#8221;]Hogy az autentikus, természetes ízek közel kerüljenek hozzád, a Székely Falat termékei országszerte kiterjesztettt bolthálózatban kaphatóak.[/vc_column_text][/vc_column][vc_column offset=&#8221;vc_col-md-6&#8243;][vc_single_image image=&#8221;95&#8243; img_size=&#8221;full&#8221; alignment=&#8221;center&#8221;&hellip;</p>
